{"id":896,"date":"2017-03-16T12:55:34","date_gmt":"2017-03-16T12:55:34","guid":{"rendered":"http:\/\/varialing.web.ua.pt\/?page_id=896"},"modified":"2018-10-25T10:24:30","modified_gmt":"2018-10-25T10:24:30","slug":"amazonas","status":"publish","type":"page","link":"https:\/\/www.varialing.eu\/?page_id=896","title":{"rendered":"Amazonas"},"content":{"rendered":"<h5><strong>Equipa<\/strong><\/h5>\n<p>&#8211; Maria Sandra Campos (respons\u00e1vel de equipa; Doutora da Universidade Federal do Amazonas, Manaus) &#8211;\u00a0\u00a0colabora\u00e7\u00e3o conclu\u00edda em\u00a0 setembro de 2018.<\/p>\n<h5 style=\"text-align: left;\"><strong>Pontos de recolha<\/strong><\/h5>\n<h5><img loading=\"lazy\" decoding=\"async\" class=\"size-medium wp-image-4201 aligncenter\" src=\"http:\/\/www.varialing.eu\/wp-content\/uploads\/2018\/10\/Captura-de-ecra\u0303-2018-10-25-a\u0300s-11.23.01-300x224.png\" alt=\"\" width=\"300\" height=\"224\" srcset=\"https:\/\/www.varialing.eu\/wp-content\/uploads\/2018\/10\/Captura-de-ecra\u0303-2018-10-25-a\u0300s-11.23.01-300x224.png 300w, https:\/\/www.varialing.eu\/wp-content\/uploads\/2018\/10\/Captura-de-ecra\u0303-2018-10-25-a\u0300s-11.23.01.png 409w\" sizes=\"auto, (max-width: 300px) 100vw, 300px\" \/><\/h5>\n<p><strong>Publica\u00e7\u00f5es (ordem alfab\u00e9tica)<\/strong><\/p>\n<p>CAMPOS, Maria Sandra, &#8220;Humait\u00e1 BE91&#8221;, in: MAIRANO, Paolo (org.). Intonations Romanes (DVD). In: G\u00e9olinguistique (ISSN 0761 9081), hors-s\u00e9rie n\u00b0 4, Centre de Dialectologie \/ GIPSA-lab, Grenoble: Ellug, Universit\u00e9 de Grenoble, 2011.<\/p>\n<h5><strong>Trabalhos acad\u00e9micos (ordem alfab\u00e9tica)<\/strong><\/h5>\n<p>NASCIMENTO, KETLEN GOMES (2016-1018). &#8220;O Comportamento do Contorno Mel\u00f3dico das Senten\u00e7as Declarativas e Interrogativas a Fala e Manaus (AM)&#8221;.\u00a0Disserta\u00e7\u00e3o de Mestrado em Letras. Manaus: Universidade Federal do Amazonas (conclu\u00edda em 22 de agosto de 2018).<\/p>\n<p>PINTO DO ESPIRITO SANTO, Suzana &#8211; \u201cEntoa\u00e7\u00e3o das frases declarativas e interrogativas totais no Portugu\u00eas falado em Mau\u00e9s, no Amazonas&#8221;, Disserta\u00e7\u00e3o de Mestrado em Letras. Manaus: Universidade Federal do Amazonas (conclu\u00edda em mar\u00e7o de 2014).<\/p>\n<h5><strong>Outras atividades (ordem alfab\u00e9tica)<\/strong><\/h5>\n<p>Sandra Campos &#8211; Participa\u00e7\u00e3o no WorKshop, dinamizado pela coordenadora AMPER-POR, Lurdes de Castro Moutinho, Novembro 2008, UFF, Niter\u00f3i, Rio de Janeiro.<\/p>\n<p>Sandra Campos &#8211; Pesquisadora Visitante Departamento de L\u00ednguas e Culturas da Universidade de Aveiro (Portugal), em outubro de 2010, a fim de realizar trabalhos de investiga\u00e7\u00e3o no \u00e2mbito do Projeto AMPER-POR.<\/p>\n<p>Sandra Campos &#8211; participa\u00e7\u00e3o no Encontro subordinados ao tema <em>O AMPER-NORTE.O AMPER no contexto dos Sater\u00ea-Maw\u00e9<\/em>. (2016) &#8211; Evento realizado na Universidade Federal do Par\u00e1. (baseado em Disserta\u00e7\u00e3o de Mestrado de Suzana Pinto do Esp\u00edrito Santo).<\/p>\n","protected":false},"excerpt":{"rendered":"<p>Equipa &#8211; Maria Sandra Campos (respons\u00e1vel de equipa; Doutora da Universidade Federal do Amazonas, Manaus) &#8211;\u00a0\u00a0colabora\u00e7\u00e3o conclu\u00edda em\u00a0 setembro de 2018. Pontos de recolha Publica\u00e7\u00f5es (ordem alfab\u00e9tica) CAMPOS, Maria Sandra, &#8220;Humait\u00e1 BE91&#8221;, in: MAIRANO, Paolo (org.). Intonations Romanes (DVD). In: G\u00e9olinguistique (ISSN 0761 9081), hors-s\u00e9rie n\u00b0 4, Centre de Dialectologie \/ GIPSA-lab, Grenoble: Ellug, Universit\u00e9 <a class=\"read-more\" href=\"https:\/\/www.varialing.eu\/?page_id=896\">Read More<\/a><\/p>\n","protected":false},"author":2,"featured_media":0,"parent":272,"menu_order":0,"comment_status":"closed","ping_status":"closed","template":"","meta":{"footnotes":""},"class_list":["post-896","page","type-page","status-publish","hentry"],"_links":{"self":[{"href":"https:\/\/www.varialing.eu\/index.php?rest_route=\/wp\/v2\/pages\/896","targetHints":{"allow":["GET"]}}],"collection":[{"href":"https:\/\/www.varialing.eu\/index.php?rest_route=\/wp\/v2\/pages"}],"about":[{"href":"https:\/\/www.varialing.eu\/index.php?rest_route=\/wp\/v2\/types\/page"}],"author":[{"embeddable":true,"href":"https:\/\/www.varialing.eu\/index.php?rest_route=\/wp\/v2\/users\/2"}],"replies":[{"embeddable":true,"href":"https:\/\/www.varialing.eu\/index.php?rest_route=%2Fwp%2Fv2%2Fcomments&post=896"}],"version-history":[{"count":11,"href":"https:\/\/www.varialing.eu\/index.php?rest_route=\/wp\/v2\/pages\/896\/revisions"}],"predecessor-version":[{"id":4202,"href":"https:\/\/www.varialing.eu\/index.php?rest_route=\/wp\/v2\/pages\/896\/revisions\/4202"}],"up":[{"embeddable":true,"href":"https:\/\/www.varialing.eu\/index.php?rest_route=\/wp\/v2\/pages\/272"}],"wp:attachment":[{"href":"https:\/\/www.varialing.eu\/index.php?rest_route=%2Fwp%2Fv2%2Fmedia&parent=896"}],"curies":[{"name":"wp","href":"https:\/\/api.w.org\/{rel}","templated":true}]}}

<h5><strong>Equipa</strong></h5>
<p>&#8211; Maria Sandra Campos (responsável de equipa; Doutora da Universidade Federal do Amazonas, Manaus) &#8211;  colaboração concluída em  setembro de 2018.</p>
<h5 style="text-align: left;"><strong>Pontos de recolha</strong></h5>
<h5><img loading="lazy" decoding="async" class="size-medium wp-image-4201 aligncenter" src="http://www.varialing.eu/wp-content/uploads/2018/10/Captura-de-ecrã-2018-10-25-às-11.23.01-300x224.png" alt="" width="300" height="224" srcset="https://www.varialing.eu/wp-content/uploads/2018/10/Captura-de-ecrã-2018-10-25-às-11.23.01-300x224.png 300w, https://www.varialing.eu/wp-content/uploads/2018/10/Captura-de-ecrã-2018-10-25-às-11.23.01.png 409w" sizes="auto, (max-width: 300px) 100vw, 300px" /></h5>
<p><strong>Publicações (ordem alfabética)</strong></p>
<p>CAMPOS, Maria Sandra, &#8220;Humaitá BE91&#8221;, in: MAIRANO, Paolo (org.). Intonations Romanes (DVD). In: Géolinguistique (ISSN 0761 9081), hors-série n° 4, Centre de Dialectologie / GIPSA-lab, Grenoble: Ellug, Université de Grenoble, 2011.</p>
<h5><strong>Trabalhos académicos (ordem alfabética)</strong></h5>
<p>NASCIMENTO, KETLEN GOMES (2016-1018). &#8220;O Comportamento do Contorno Melódico das Sentenças Declarativas e Interrogativas a Fala e Manaus (AM)&#8221;. Dissertação de Mestrado em Letras. Manaus: Universidade Federal do Amazonas (concluída em 22 de agosto de 2018).</p>
<p>PINTO DO ESPIRITO SANTO, Suzana &#8211; “Entoação das frases declarativas e interrogativas totais no Português falado em Maués, no Amazonas&#8221;, Dissertação de Mestrado em Letras. Manaus: Universidade Federal do Amazonas (concluída em março de 2014).</p>
<h5><strong>Outras atividades (ordem alfabética)</strong></h5>
<p>Sandra Campos &#8211; Participação no WorKshop, dinamizado pela coordenadora AMPER-POR, Lurdes de Castro Moutinho, Novembro 2008, UFF, Niterói, Rio de Janeiro.</p>
<p>Sandra Campos &#8211; Pesquisadora Visitante Departamento de Línguas e Culturas da Universidade de Aveiro (Portugal), em outubro de 2010, a fim de realizar trabalhos de investigação no âmbito do Projeto AMPER-POR.</p>
<p>Sandra Campos &#8211; participação no Encontro subordinados ao tema <em>O AMPER-NORTE.O AMPER no contexto dos Saterê-Mawé</em>. (2016) &#8211; Evento realizado na Universidade Federal do Pará. (baseado em Dissertação de Mestrado de Suzana Pinto do Espírito Santo).</p>

<p>Equipa &#8211; Maria Sandra Campos (responsável de equipa; Doutora da Universidade Federal do Amazonas, Manaus) &#8211;  colaboração concluída em  setembro de 2018. Pontos de recolha Publicações (ordem alfabética) CAMPOS, Maria Sandra, &#8220;Humaitá BE91&#8221;, in: MAIRANO, Paolo (org.). Intonations Romanes (DVD). In: Géolinguistique (ISSN 0761 9081), hors-série n° 4, Centre de Dialectologie / GIPSA-lab, Grenoble: Ellug, Université <a class="read-more" href="https://www.varialing.eu/?page_id=896">Read More</a></p>
