{"id":362,"date":"2017-03-07T10:19:11","date_gmt":"2017-03-07T10:19:11","guid":{"rendered":"http:\/\/varialing.web.ua.pt\/?page_id=362"},"modified":"2025-09-30T15:28:03","modified_gmt":"2025-09-30T15:28:03","slug":"congressos","status":"publish","type":"page","link":"https:\/\/www.varialing.eu\/?page_id=362","title":{"rendered":"Congressos, Col\u00f3quios e Jornadas"},"content":{"rendered":"<h4><strong>Encontros cient\u00edficos organizados ou coorganizados<\/strong><\/h4>\n<p><img decoding=\"async\" src=\"https:\/\/congresso.varialing.eu\/wp-content\/uploads\/2024\/06\/BANER_NEW.png\" \/><\/p>\n<p><strong><em>I<a href=\"http:\/\/congresso.varialing.eu\/\">V Congresso Internacional Varia\u00e7\u00e3o Lingu\u00edstica nas L\u00ednguas Rom\u00e2nicas &amp; <\/a><\/em><\/strong><\/p>\n<p><a href=\"http:\/\/congresso.varialing.eu\/\"><strong><em>IV Jornadas em L\u00ednguas Minorit\u00e1rias<\/em><\/strong><\/a><\/p>\n<p>1, 2, 3 &amp; 4 de julho de 2024, Centro de L\u00ednguas, Literaturas e Culturas da Universidade de Aveiro.<\/p>\n<p><img loading=\"lazy\" decoding=\"async\" class=\"aligncenter\" src=\"https:\/\/ilg.usc.gal\/sites\/default\/files\/styles\/thumb_actividades2\/public\/images_simposios\/cartel_iii_xvcl.png?itok=xoIzhsHW\" width=\"334\" height=\"472\" \/><\/p>\n<p><a href=\"http:\/\/www.varialing.eu\/wp-content\/uploads\/2024\/11\/cartel_iii_xvcl.png\"><strong>III Xornada sobre Variaci\u00f3n e Cambio Ling\u00fc\u00edstico<\/strong><\/a> &#8211; \u00a0dia 8 de novembro de 2024; Coorganiza\u00e7\u00e3o do CLLC, UA e ILG, USC<\/p>\n<p><img loading=\"lazy\" decoding=\"async\" class=\"aligncenter\" src=\"http:\/\/www.varialing.eu\/wp-content\/uploads\/2023\/02\/image-1024x485.png\" width=\"331\" height=\"157\" \/><\/p>\n<h5 style=\"text-align: center;\"><a href=\"https:\/\/www.varialing.eu\/wp-content\/uploads\/2023\/09\/JM_InformacoesIII-Jornadas-1.pdf\"><em>III Jornadas em L\u00ednguas Minorit\u00e1rias<\/em><\/a> \u2013 Organiza\u00e7\u00e3o do CLLC \u2013 Subgrupo <em>Varia\u00e7\u00e3o Lingu\u00edstica<\/em>\u00a0\u2013\u00a017 de novembro 2023<\/h5>\n<h4><img loading=\"lazy\" decoding=\"async\" class=\"aligncenter\" src=\"http:\/\/www.varialing.eu\/wp-content\/uploads\/2023\/10\/cartel_ii_xornada_variacion_cambio_0.png\" width=\"235\" height=\"332\" \/><\/h4>\n<p style=\"text-align: center;\"><a href=\"http:\/\/ilg.usc.gal\/gl\/II-xornada-variacion-cambio\"><strong>II Xornada sobre Varia\u00e7\u00e3o e Cambio Ling\u00fcistico,<\/strong><\/a> 9 de outubro de 2023- Coorganiza\u00e7\u00e3o do CLLC, UA, Portugal e ILG, USC, Espanha.<\/p>\n<p style=\"text-align: center;\"><img loading=\"lazy\" decoding=\"async\" class=\"alignnone  wp-image-5898\" src=\"http:\/\/www.varialing.eu\/wp-content\/uploads\/2023\/08\/Cartaz_Variacao3_2023-225x300.jpg\" alt=\"\" width=\"193\" height=\"258\" srcset=\"https:\/\/www.varialing.eu\/wp-content\/uploads\/2023\/08\/Cartaz_Variacao3_2023-225x300.jpg 225w, https:\/\/www.varialing.eu\/wp-content\/uploads\/2023\/08\/Cartaz_Variacao3_2023-768x1024.jpg 768w, https:\/\/www.varialing.eu\/wp-content\/uploads\/2023\/08\/Cartaz_Variacao3_2023.jpg 1008w\" sizes=\"auto, (max-width: 193px) 100vw, 193px\" \/><\/p>\n<p style=\"text-align: center;\"><strong><em>III Congresso Internacional Varia\u00e7\u00e3o Lingu\u00edstica nas L\u00ednguas Rom\u00e2nicas<\/em><\/strong>, 28, 29, 30 de 2023, Centro de L\u00ednguas, Literaturas e Culturas da Universidade de Aveiro.<\/p>\n<p><img loading=\"lazy\" decoding=\"async\" class=\"aligncenter\" src=\"http:\/\/www.varialing.eu\/wp-content\/uploads\/2022\/12\/I_Xornada_-Variacion_Cambio-Linguistico.png\" width=\"206\" height=\"291\" \/><\/p>\n<p style=\"text-align: center;\"><a href=\"https:\/\/ilg.usc.gal\/gl\/I-xornada-variacion-cambio\"><strong>I Xornada sobre Varia\u00e7\u00e3o e Cambio Ling\u00fcistico,<\/strong><\/a> 14 de novembro de 2022 &#8211; Coorganiza\u00e7\u00e3o do CLLC, UA e ILG, USC<\/p>\n<p><img loading=\"lazy\" decoding=\"async\" class=\"aligncenter\" src=\"http:\/\/www.varialing.eu\/wp-content\/uploads\/2021\/07\/CartazA2PORT_mundos-em-mudanc%CC%A7a_pt.jpg\" width=\"203\" height=\"287\" \/>Congresso Internacional<strong> <a href=\"https:\/\/mundos.varialing.eu\/\"><em>Mundos em Mudan\u00e7a<\/em><\/a><\/strong>, 20, 21, 22 de julho\u00a0 de 2022, Centro de L\u00ednguas, Literaturas e Culturas da Universidade de Aveiro.<\/p>\n<p><img loading=\"lazy\" decoding=\"async\" class=\"wp-image-5235 aligncenter\" src=\"http:\/\/www.varialing.eu\/wp-content\/uploads\/2021\/11\/CARTAZ_FAH_DLLC_I-Jornadas-do-Mestrado-em-Estudos-Regionais-e-Locais-page-0-scaled.jpg\" alt=\"\" width=\"199\" height=\"281\" srcset=\"https:\/\/www.varialing.eu\/wp-content\/uploads\/2021\/11\/CARTAZ_FAH_DLLC_I-Jornadas-do-Mestrado-em-Estudos-Regionais-e-Locais-page-0-scaled.jpg 1811w, https:\/\/www.varialing.eu\/wp-content\/uploads\/2021\/11\/CARTAZ_FAH_DLLC_I-Jornadas-do-Mestrado-em-Estudos-Regionais-e-Locais-page-0-212x300.jpg 212w, https:\/\/www.varialing.eu\/wp-content\/uploads\/2021\/11\/CARTAZ_FAH_DLLC_I-Jornadas-do-Mestrado-em-Estudos-Regionais-e-Locais-page-0-724x1024.jpg 724w, https:\/\/www.varialing.eu\/wp-content\/uploads\/2021\/11\/CARTAZ_FAH_DLLC_I-Jornadas-do-Mestrado-em-Estudos-Regionais-e-Locais-page-0-768x1086.jpg 768w, https:\/\/www.varialing.eu\/wp-content\/uploads\/2021\/11\/CARTAZ_FAH_DLLC_I-Jornadas-do-Mestrado-em-Estudos-Regionais-e-Locais-page-0-1086x1536.jpg 1086w, https:\/\/www.varialing.eu\/wp-content\/uploads\/2021\/11\/CARTAZ_FAH_DLLC_I-Jornadas-do-Mestrado-em-Estudos-Regionais-e-Locais-page-0-1449x2048.jpg 1449w\" sizes=\"auto, (max-width: 199px) 100vw, 199px\" \/><strong><em>Jornadas em Estudos Regionais e Locais<\/em><\/strong>, 15 de novembro de 2021, Universidade da Madeira (coorganizadas)<\/p>\n<p><img loading=\"lazy\" decoding=\"async\" class=\"wp-image-5231 aligncenter\" src=\"http:\/\/www.varialing.eu\/wp-content\/uploads\/2021\/11\/II-Jornadas-Linguas-Minoritarias.jpg\" alt=\"\" width=\"196\" height=\"261\" srcset=\"https:\/\/www.varialing.eu\/wp-content\/uploads\/2021\/11\/II-Jornadas-Linguas-Minoritarias.jpg 1008w, https:\/\/www.varialing.eu\/wp-content\/uploads\/2021\/11\/II-Jornadas-Linguas-Minoritarias-225x300.jpg 225w, https:\/\/www.varialing.eu\/wp-content\/uploads\/2021\/11\/II-Jornadas-Linguas-Minoritarias-768x1024.jpg 768w\" sizes=\"auto, (max-width: 196px) 100vw, 196px\" \/><a href=\"http:\/\/www.varialing.eu\/wp-content\/uploads\/2021\/10\/2021_JLM.pdf\"><em><strong>II Jornadas em L\u00ednguas Minorit\u00e1rias<\/strong><\/em><\/a>, 29 de outubro de 2021, Centro de L\u00ednguas, Literaturas e Culturas da Universidade de Aveiro.<\/p>\n<p style=\"text-align: center;\"><img loading=\"lazy\" decoding=\"async\" class=\"aligncenter\" src=\"http:\/\/www.varialing.eu\/wp-content\/uploads\/2020\/07\/Diapositivo1.jpg\" width=\"178\" height=\"238\" \/><strong>II Congresso Internacional<\/strong> em <em><strong><a href=\"https:\/\/www.ua.pt\/cllc\/page\/23071\">Varia\u00e7\u00e3o lingu\u00edstica nas l\u00ednguas rom\u00e2nicas<\/a><\/strong><\/em>&#8211;\u00a0 Centro de L\u00ednguas, Literaturas e Culturas da Universidade de Aveiro, 22-23-24 de junho de 2021<\/p>\n<p><img loading=\"lazy\" decoding=\"async\" class=\"wp-image-4589 aligncenter\" src=\"http:\/\/www.varialing.eu\/wp-content\/uploads\/2019\/12\/Cartaz_Minoritarias_V2.jpg\" alt=\"\" width=\"174\" height=\"232\" srcset=\"https:\/\/www.varialing.eu\/wp-content\/uploads\/2019\/12\/Cartaz_Minoritarias_V2.jpg 1008w, https:\/\/www.varialing.eu\/wp-content\/uploads\/2019\/12\/Cartaz_Minoritarias_V2-225x300.jpg 225w, https:\/\/www.varialing.eu\/wp-content\/uploads\/2019\/12\/Cartaz_Minoritarias_V2-768x1024.jpg 768w\" sizes=\"auto, (max-width: 174px) 100vw, 174px\" \/><em><a href=\"http:\/\/www.varialing.eu\/wp-content\/uploads\/2019\/12\/2019_1JLMinoritarias_LivroResumos.pdf\"><strong>I Jornadas em L\u00ednguas Minorit\u00e1rias<\/strong><\/a><\/em>, 6 de dezembro de 2019, Centro de L\u00ednguas, Literaturas e Culturas da Universidade de Aveiro.<\/p>\n<p><strong><img loading=\"lazy\" decoding=\"async\" class=\"wp-image-4557 aligncenter\" src=\"http:\/\/www.varialing.eu\/wp-content\/uploads\/2019\/12\/cart.png\" alt=\"\" width=\"165\" height=\"257\" srcset=\"https:\/\/www.varialing.eu\/wp-content\/uploads\/2019\/12\/cart.png 1073w, https:\/\/www.varialing.eu\/wp-content\/uploads\/2019\/12\/cart-193x300.png 193w, https:\/\/www.varialing.eu\/wp-content\/uploads\/2019\/12\/cart-768x1195.png 768w, https:\/\/www.varialing.eu\/wp-content\/uploads\/2019\/12\/cart-658x1024.png 658w\" sizes=\"auto, (max-width: 165px) 100vw, 165px\" \/>\u00a0<\/strong><strong>Jornadas Cient\u00edficas<\/strong>\u00a0em<strong>\u00a0 <em>Varia\u00e7\u00e3o e <a href=\"http:\/\/jornadas.varialing.eu\/\">Cartografia<\/a> Lingu\u00edstica<\/em>\u00a0&#8211;\u00a0 <\/strong>Centro de L\u00ednguas, Literaturas e Culturas da Universidade de Aveiro, 9 de novembro de 2018<\/p>\n<p><img loading=\"lazy\" decoding=\"async\" class=\"wp-image-4559 aligncenter\" src=\"http:\/\/www.varialing.eu\/wp-content\/uploads\/2019\/12\/i-vl.png\" alt=\"\" width=\"170\" height=\"226\" srcset=\"https:\/\/www.varialing.eu\/wp-content\/uploads\/2019\/12\/i-vl.png 335w, https:\/\/www.varialing.eu\/wp-content\/uploads\/2019\/12\/i-vl-225x300.png 225w\" sizes=\"auto, (max-width: 170px) 100vw, 170px\" \/><strong>I Congresso Internacional<\/strong> em <em><strong><a href=\"https:\/\/www.ua.pt\/cllc\/page\/23071\">Varia\u00e7\u00e3o lingu\u00edstica nas l\u00ednguas rom\u00e2nicas<\/a><\/strong><\/em>&#8211;\u00a0 Centro de L\u00ednguas, Literaturas e Culturas da Universidade de Aveiro, 2-3-4 de\u00a0maio de 2018<\/p>\n<p><img loading=\"lazy\" decoding=\"async\" class=\"wp-image-4560 aligncenter\" src=\"http:\/\/www.varialing.eu\/wp-content\/uploads\/2019\/12\/itinerancias.jpg\" alt=\"\" width=\"168\" height=\"237\" srcset=\"https:\/\/www.varialing.eu\/wp-content\/uploads\/2019\/12\/itinerancias.jpg 1122w, https:\/\/www.varialing.eu\/wp-content\/uploads\/2019\/12\/itinerancias-212x300.jpg 212w, https:\/\/www.varialing.eu\/wp-content\/uploads\/2019\/12\/itinerancias-768x1086.jpg 768w, https:\/\/www.varialing.eu\/wp-content\/uploads\/2019\/12\/itinerancias-724x1024.jpg 724w\" sizes=\"auto, (max-width: 168px) 100vw, 168px\" \/><strong>Congresso Internacional <em><a href=\"http:\/\/cllc.web.ua.pt\/pm\/?q=pt-pt\/cii\">Itiner\u00e2ncias: textos, media\u00e7\u00f5es e transcultura\u00e7\u00f5es<\/a><\/em><\/strong><em>\u00a0<\/em>&#8211; Centro de L\u00ednguas, Literaturas e Culturas da Universidade de Aveiro, 12-13-14 de julho de 2017 (coorganizado)<\/p>\n<p><img loading=\"lazy\" decoding=\"async\" class=\"wp-image-4561 aligncenter\" src=\"http:\/\/www.varialing.eu\/wp-content\/uploads\/2019\/12\/Cartaz-Congresso-Exodus-geral-212x300.jpg\" alt=\"\" width=\"169\" height=\"239\" \/><strong>Congresso Internacional <em><a href=\"http:\/\/blogs.ua.pt\/exodus\/\">Exodus: Migra\u00e7\u00f5es e Fronteiras<\/a><\/em><\/strong><br \/>21-22-23 de setembro de 2016 &#8211; Centro de L\u00ednguas, Literaturas e Culturas da Universidade de Aveiro (coorganizado)<\/p>\n<p><img loading=\"lazy\" decoding=\"async\" class=\"wp-image-4562 aligncenter\" src=\"http:\/\/www.varialing.eu\/wp-content\/uploads\/2019\/12\/eco-3.jpg\" alt=\"\" width=\"166\" height=\"221\" srcset=\"https:\/\/www.varialing.eu\/wp-content\/uploads\/2019\/12\/eco-3.jpg 900w, https:\/\/www.varialing.eu\/wp-content\/uploads\/2019\/12\/eco-3-225x300.jpg 225w, https:\/\/www.varialing.eu\/wp-content\/uploads\/2019\/12\/eco-3-768x1024.jpg 768w\" sizes=\"auto, (max-width: 166px) 100vw, 166px\" \/><strong>Col\u00f3quio Internacional <em><a href=\"http:\/\/cllc.web.ua.pt\/vl\/pt-pt\/node\/12\">Ecolinguismo e L\u00ednguas Minorit\u00e1rias. Uma homenagem a Amadeu Ferreira<\/a><\/em><\/strong><br \/>15 e 16 de junho de 2016 &#8211; Centro de L\u00ednguas, Literaturas e Culturas da Universidade de Aveiro; 17 e 18 de junho de 2016 &#8211; II Jornadas de L\u00edngua e Cultura Mirandesas, Miranda do Douro. <a href=\"http:\/\/ria.ua.pt\/handle\/10773\/17060\">Ebook do evento<\/a><\/p>\n<p><img loading=\"lazy\" decoding=\"async\" class=\"wp-image-4563 aligncenter\" src=\"http:\/\/www.varialing.eu\/wp-content\/uploads\/2019\/12\/CARTAZ1VOZ.jpg\" alt=\"\" width=\"172\" height=\"243\" srcset=\"https:\/\/www.varialing.eu\/wp-content\/uploads\/2019\/12\/CARTAZ1VOZ.jpg 848w, https:\/\/www.varialing.eu\/wp-content\/uploads\/2019\/12\/CARTAZ1VOZ-212x300.jpg 212w, https:\/\/www.varialing.eu\/wp-content\/uploads\/2019\/12\/CARTAZ1VOZ-768x1087.jpg 768w, https:\/\/www.varialing.eu\/wp-content\/uploads\/2019\/12\/CARTAZ1VOZ-724x1024.jpg 724w\" sizes=\"auto, (max-width: 172px) 100vw, 172px\" \/><strong>Semin\u00e1rio <em><a href=\"http:\/\/cllc.web.ua.pt\/vl\/pt-pt\/node\/19\">Falar da Voz de Viva Voz<\/a><\/em><\/strong><br \/>15 de abril de 2016 &#8211; Col\u00e9gio dos Jesu\u00edtas, Universidade da Madeira, em parceria com o Centro de L\u00ednguas, Literaturas e Culturas da Universidade de Aveiro Universidade de Aveiro (coorganizadas)<\/p>\n<p><img loading=\"lazy\" decoding=\"async\" class=\"wp-image-4564 aligncenter\" src=\"http:\/\/www.varialing.eu\/wp-content\/uploads\/2019\/12\/geo_cartaz.jpg\" alt=\"\" width=\"165\" height=\"221\" srcset=\"https:\/\/www.varialing.eu\/wp-content\/uploads\/2019\/12\/geo_cartaz.jpg 592w, https:\/\/www.varialing.eu\/wp-content\/uploads\/2019\/12\/geo_cartaz-224x300.jpg 224w\" sizes=\"auto, (max-width: 165px) 100vw, 165px\" \/><strong>Col\u00f3quio Internacional <em><a href=\"http:\/\/blogs.ua.pt\/linguistica\/\">Geopros\u00f3dia do Portugu\u00eas e do Galego<\/a><\/em><\/strong><br \/>17, 18 e 19 de junho de 2015, Centro de L\u00ednguas, e Culturas da Universidade de Aveiro;<br \/><a href=\"http:\/\/ria.ua.pt\/handle\/10773\/15098\">Ebook do evento<\/a><br \/><a href=\"http:\/\/www.publicacions.ub.edu\/revistes\/dialectologiaSP2016\/\">N.\u00ba especial da revista Dialectologia<\/a><\/p>\n<p><img loading=\"lazy\" decoding=\"async\" class=\"wp-image-4570 aligncenter\" src=\"http:\/\/www.varialing.eu\/wp-content\/uploads\/2019\/12\/IJornadasAMPER-POR2007_cartaz-3-page-0.jpg\" alt=\"\" width=\"172\" height=\"243\" srcset=\"https:\/\/www.varialing.eu\/wp-content\/uploads\/2019\/12\/IJornadasAMPER-POR2007_cartaz-3-page-0.jpg 475w, https:\/\/www.varialing.eu\/wp-content\/uploads\/2019\/12\/IJornadasAMPER-POR2007_cartaz-3-page-0-212x300.jpg 212w\" sizes=\"auto, (max-width: 172px) 100vw, 172px\" \/><br \/><strong>Jornadas Cient\u00edficas: <em>I Jornadas Cient\u00edficas AMPER-POR<\/em><\/strong><br \/>29 e 30 de outubro 2007 &#8211; Centro de L\u00ednguas, Literaturas e Culturas da Universidade de Aveiro;<\/p>\n<p><a href=\"http:\/\/varialing.web.ua.pt\/wp-content\/uploads\/2017\/03\/IJornadasAMPER-POR2007_cartaz-1.doc\">IJornadasAMPER-POR2007_cartaz-1<br \/><\/a><a href=\"http:\/\/varialing.web.ua.pt\/wp-content\/uploads\/2017\/03\/IJornadasAMPERPOR2007_Programa.doc\">IJornadasAMPERPOR2007_Programa<\/a><br \/><a href=\"http:\/\/varialing.web.ua.pt\/wp-content\/uploads\/2017\/03\/I-Jornadas_AMPER-POR_capa.pdf\">I-Jornadas_AMPER-POR_capa<\/a><\/p>\n<p><strong>Resumos dos artigos aqui<\/strong>: <a href=\"http:\/\/varialing.web.ua.pt\/wp-content\/uploads\/2017\/04\/Michel_Contini.pdf\">Michel_Contini<\/a>; \u00a0<a href=\"http:\/\/varialing.web.ua.pt\/wp-content\/uploads\/2017\/03\/Sandra_-Madureira.pdf\">SandraMadureira<\/a>; \u00a0\u00a0<a href=\"http:\/\/varialing.web.ua.pt\/wp-content\/uploads\/2017\/03\/Reginacruzmello.pdf\">ReginaCruz&amp;Mello<\/a>;\u00a0 \u00a0\u00a0<a href=\"http:\/\/varialing.web.ua.pt\/wp-content\/uploads\/2017\/03\/Helena.pdf\">Helena<\/a>Rebelo; \u00a0\u00a0<a href=\"http:\/\/varialing.web.ua.pt\/wp-content\/uploads\/2017\/04\/LCMetall.pdf\">LCM_RCL_AVaz; \u00a0 \u00a0<\/a><a href=\"http:\/\/varialing.web.ua.pt\/wp-content\/uploads\/2017\/03\/J-P-LCM.pdf\">J-P-La<\/a><a href=\"http:\/\/varialing.web.ua.pt\/wp-content\/uploads\/2017\/03\/Jussara_all_Resumo.pdf\">i;<\/a><a href=\"http:\/\/varialing.web.ua.pt\/wp-content\/uploads\/2017\/03\/Maria_Clara.pdf\">\u00a0\u00a0<\/a>\u00a0<a href=\"http:\/\/varialing.web.ua.pt\/wp-content\/uploads\/2017\/03\/Jania.pdf\">Jania<\/a>_Reis; \u00a0Maria<a href=\"http:\/\/varialing.web.ua.pt\/wp-content\/uploads\/2017\/03\/Maria_Clara.pdf\">Clara<\/a>Bernardo; \u00a0 <a href=\"http:\/\/varialing.web.ua.pt\/wp-content\/uploads\/2017\/03\/Jussara_all_Resumo.pdf\">Jussara_all; <\/a>\u00a0\u00a0<a href=\"http:\/\/varialing.web.ua.pt\/wp-content\/uploads\/2017\/03\/Antonio_Romano.pdf\">Antonio_Romano<\/a>; \u00a0\u00a0<a href=\"http:\/\/varialing.web.ua.pt\/wp-content\/uploads\/2017\/03\/Albert_J-P.pdf\">Albert_J-P<\/a>;<\/p>\n\n\n<p><\/p>\n","protected":false},"excerpt":{"rendered":"<p>Encontros cient\u00edficos organizados ou coorganizados IV Congresso Internacional Varia\u00e7\u00e3o Lingu\u00edstica nas L\u00ednguas Rom\u00e2nicas &amp; IV Jornadas em L\u00ednguas Minorit\u00e1rias 1, 2, 3 &amp; 4 de julho de 2024, Centro de L\u00ednguas, Literaturas e Culturas da Universidade de Aveiro. III Xornada sobre Variaci\u00f3n e Cambio Ling\u00fc\u00edstico &#8211; \u00a0dia 8 de novembro de 2024; Coorganiza\u00e7\u00e3o do CLLC, <a class=\"read-more\" href=\"https:\/\/www.varialing.eu\/?page_id=362\">Read More<\/a><\/p>\n","protected":false},"author":2,"featured_media":0,"parent":356,"menu_order":0,"comment_status":"closed","ping_status":"closed","template":"template-full-width.php","meta":{"footnotes":""},"class_list":["post-362","page","type-page","status-publish","hentry"],"_links":{"self":[{"href":"https:\/\/www.varialing.eu\/index.php?rest_route=\/wp\/v2\/pages\/362","targetHints":{"allow":["GET"]}}],"collection":[{"href":"https:\/\/www.varialing.eu\/index.php?rest_route=\/wp\/v2\/pages"}],"about":[{"href":"https:\/\/www.varialing.eu\/index.php?rest_route=\/wp\/v2\/types\/page"}],"author":[{"embeddable":true,"href":"https:\/\/www.varialing.eu\/index.php?rest_route=\/wp\/v2\/users\/2"}],"replies":[{"embeddable":true,"href":"https:\/\/www.varialing.eu\/index.php?rest_route=%2Fwp%2Fv2%2Fcomments&post=362"}],"version-history":[{"count":62,"href":"https:\/\/www.varialing.eu\/index.php?rest_route=\/wp\/v2\/pages\/362\/revisions"}],"predecessor-version":[{"id":6617,"href":"https:\/\/www.varialing.eu\/index.php?rest_route=\/wp\/v2\/pages\/362\/revisions\/6617"}],"up":[{"embeddable":true,"href":"https:\/\/www.varialing.eu\/index.php?rest_route=\/wp\/v2\/pages\/356"}],"wp:attachment":[{"href":"https:\/\/www.varialing.eu\/index.php?rest_route=%2Fwp%2Fv2%2Fmedia&parent=362"}],"curies":[{"name":"wp","href":"https:\/\/api.w.org\/{rel}","templated":true}]}}