{"id":248,"date":"2017-03-06T16:05:31","date_gmt":"2017-03-06T16:05:31","guid":{"rendered":"http:\/\/varialing.web.ua.pt\/?page_id=248"},"modified":"2017-07-05T09:07:32","modified_gmt":"2017-07-05T09:07:32","slug":"projetos","status":"publish","type":"page","link":"https:\/\/www.varialing.eu\/?page_id=248","title":{"rendered":"Projetos"},"content":{"rendered":"<p>Os investigadores da Varia\u00e7\u00e3o Lingu\u00edstica participam em diversos projetos que aqui se apresentam.<\/p>\n","protected":false},"excerpt":{"rendered":"<p>Os investigadores da Varia\u00e7\u00e3o Lingu\u00edstica participam em diversos projetos que aqui se apresentam.<\/p>\n","protected":false},"author":11,"featured_media":0,"parent":0,"menu_order":0,"comment_status":"closed","ping_status":"closed","template":"template-full-width.php","meta":{"footnotes":""},"class_list":["post-248","page","type-page","status-publish","hentry"],"_links":{"self":[{"href":"https:\/\/www.varialing.eu\/index.php?rest_route=\/wp\/v2\/pages\/248","targetHints":{"allow":["GET"]}}],"collection":[{"href":"https:\/\/www.varialing.eu\/index.php?rest_route=\/wp\/v2\/pages"}],"about":[{"href":"https:\/\/www.varialing.eu\/index.php?rest_route=\/wp\/v2\/types\/page"}],"author":[{"embeddable":true,"href":"https:\/\/www.varialing.eu\/index.php?rest_route=\/wp\/v2\/users\/11"}],"replies":[{"embeddable":true,"href":"https:\/\/www.varialing.eu\/index.php?rest_route=%2Fwp%2Fv2%2Fcomments&post=248"}],"version-history":[{"count":4,"href":"https:\/\/www.varialing.eu\/index.php?rest_route=\/wp\/v2\/pages\/248\/revisions"}],"predecessor-version":[{"id":3600,"href":"https:\/\/www.varialing.eu\/index.php?rest_route=\/wp\/v2\/pages\/248\/revisions\/3600"}],"wp:attachment":[{"href":"https:\/\/www.varialing.eu\/index.php?rest_route=%2Fwp%2Fv2%2Fmedia&parent=248"}],"curies":[{"name":"wp","href":"https:\/\/api.w.org\/{rel}","templated":true}]}}