{"id":1978,"date":"2017-03-30T14:29:31","date_gmt":"2017-03-30T14:29:31","guid":{"rendered":"http:\/\/varialing.web.ua.pt\/?page_id=1978"},"modified":"2025-04-08T17:28:56","modified_gmt":"2025-04-08T17:28:56","slug":"madeira","status":"publish","type":"page","link":"https:\/\/www.varialing.eu\/?page_id=1978","title":{"rendered":"Madeira"},"content":{"rendered":"<h5><strong>Equipa<\/strong><\/h5>\n<p>&#8211; Helena Rebelo (Doutora da Universidade da Madeira).<\/p>\n<p style=\"text-align: center;\"><div id=\"image-map-pro-6666\"><\/div><\/p>\n<h5><a href=\"http:\/\/www.varialing.eu\/wp-content\/uploads\/2017\/03\/corpuse-codigos_Madeira.doc\"><em>Corpus e c\u00f3digos\u00a0<\/em><\/a><\/h5>\n<h5><strong>Pontos de recolha<\/strong><\/h5>\n<p>Os pontos de recolha indicam-se nos mapas de cada uma das ilhas, onde se assinalam a branco os informantes j\u00e1 analisados e enviados para a Base de Dados AMPER e a preto os j\u00e1 gravados mas n\u00e3o analisados.<\/p>\n<p><img decoding=\"async\" src=\"https:\/\/www.varialing.eu\/wp-content\/uploads\/2017\/03\/Madeira_PSanto.jpg\" \/><img decoding=\"async\" src=\"http:\/\/varialing.web.ua.pt\/wp-content\/uploads\/2017\/03\/Madeira_Madeira.jpg\" \/><img decoding=\"async\" src=\"http:\/\/varialing.web.ua.pt\/wp-content\/uploads\/2017\/03\/Madeira_Madeira.jpg\" \/><img loading=\"lazy\" decoding=\"async\" class=\"alignnone wp-image-1612\" src=\"http:\/\/varialing.web.ua.pt\/wp-content\/uploads\/2017\/03\/Madeira_Madeira.jpg\" alt=\"\" width=\"372\" height=\"159\" srcset=\"https:\/\/www.varialing.eu\/wp-content\/uploads\/2017\/03\/Madeira_Madeira.jpg 400w, https:\/\/www.varialing.eu\/wp-content\/uploads\/2017\/03\/Madeira_Madeira-300x128.jpg 300w\" sizes=\"auto, (max-width: 372px) 100vw, 372px\" \/><\/p>\n<p><strong>\u00a0\u00a0 \u00a0 \u00a0 \u00a0 \u00a0 \u00a0 \u00a0 \u00a0 \u00a0<\/strong> \u00a0 <strong>Ilha do Porto Santo\u00a0\u00a0 \u00a0 \u00a0 \u00a0 \u00a0 \u00a0 \u00a0 \u00a0 \u00a0 \u00a0 \u00a0 \u00a0 \u00a0 \u00a0 \u00a0 \u00a0 \u00a0 \u00a0 \u00a0 \u00a0 \u00a0 \u00a0 \u00a0 \u00a0 \u00a0 \u00a0 \u00a0 \u00a0 \u00a0 \u00a0 \u00a0 \u00a0 \u00a0 \u00a0 \u00a0 \u00a0 \u00a0 \u00a0 \u00a0 \u00a0 Ilha da Madeira<\/strong><\/p>\n<h5><strong>Publica\u00e7\u00f5es\u00a0<\/strong><\/h5>\n<h5><strong>\u2013\u00a0<\/strong>Ver \u00a0<a href=\"https:\/\/www.varialing.eu\/?page_id=1432\">https:\/\/www.varialing.eu\/?page_id=1432<\/a><\/h5>\n<h5><\/h5>\n<h5><strong>TRABALHOS ACAD\u00c9MICOS (p\u00f3s-doc):<\/strong><\/h5>\n<p>Prof.\u00aa Maria Helena Rebelo\u00a0 &#8211; P\u00f3s-doutoramento em Lingu\u00edstica\/Fon\u00e9tica, na Universidade de Aveiro, sob o tema &#8220;Estudo da varia\u00e7\u00e3o madeirense no \u00e2mbito do AMPER-POR&#8221;. Orienta\u00e7\u00e3o: Lurdes de Castro Moutinho; coorienta\u00e7\u00e3o: Rosa L\u00eddia Coimbra, Universidade de Aveiro, (conclu\u00eddo-2011).<\/p>\n<h5><strong>OUTRAS ATIVIDADES:<\/strong><\/h5>\n<p>MOUTINHO, L. C.; ANTUNES, L. B.; CRUZ, R. C. F. \u201cAtlas Multim\u00e9dia Pros\u00f3dico do Espa\u00e7o Rom\u00e2nico (AMPER): do seu in\u00edcio \u00e0 atualidade\u201d. Comunica\u00e7\u00e3o apresentada no V Congresso Internacional de Dialetologia e Sociolingu\u00edstica (CIDS), Universidade Federal da Bahia, 11-14 de setembro 2018.<\/p>\n<p>REBELO, Helena (UMa) \u2014 Semin\u00e1rio de Divulga\u00e7\u00e3o do Projecto de Investiga\u00e7\u00e3o AMPER, Universidade da Madeira, 8 de Abril de 2010, iniciativa realizada no \u00e2mbito da unidade curricular Patrim\u00f3nio Lingu\u00edstico, Mestrado em Estudos Regionais e Locais.<\/p>\n<p>REBELO, Helena\u00a0 (UMa) &#8211; &#8220;O arquip\u00e9lago da Madeira e o AMPER: uma amostra da pros\u00f3dia feminina&#8221;, comunica\u00e7\u00e3o oral apresentada nas I Jornadas de Ci\u00eancias da Linguagem do Centro de L\u00ednguas e Culturas, Departamento de L\u00ednguas e Culturas, Universidade de Aveiro, 20-06-2012.<\/p>\n<p>REBELO, Helena (UMa) &#8211; Apresenta\u00e7\u00e3o de um poster intitulado &#8220;A madeira e o Porto Santo. A pros\u00f3dia das ilhas&#8221;, II Jornadas de Ci\u00eancias da Linguagem do Centro de L\u00ednguas e Culturas, Universidade de Aveiro, 12 de junho de 2013.<\/p>\n<p>REBELO H. (UMa) &#8211; &#8220;A pros\u00f3dia madeirense e a porto-santense: compara\u00e7\u00e3o de curvas mel\u00f3dicas de frases interrogativas&#8221;, Comunica\u00e7\u00e3o oral apresentada ao Congresso Internacional Congresso Internacional em Varia\u00e7\u00e3o Lingu\u00edstica nas L\u00ednguas Rom\u00e2nicas, Centro de L\u00ednguas Literaturas e Culturas, Universidade de Aveiro, 2-4 de maio 2018.<\/p>\n<p>REBELO H. (UMa) &#8211; Organiza\u00e7\u00e3o de uma confer\u00eancia aberta \u00e0 comunidade \u2013\u00a0 \u201c<a href=\"http:\/\/www.varialing.eu\/wp-content\/uploads\/2019\/05\/Cartaz.pdf\">Varia\u00e7\u00e3o no Espa\u00e7o Rom\u00e2nico e um Atlas Multim\u00e9dia Pros\u00f3dico<\/a>\u201d , 11 de mar\u00e7o de 2019;\u00a0 edif\u00edcio da Penteada, Universidade da Madeira.<\/p>\n<p>REBELO H. (UMa) &#8211; Organiza\u00e7\u00e3o de duas Oficinas de trabalho: amplia\u00e7\u00e3o da base de dados da RAM no AMPER-POR (Parte 1)11 de abril de 2019; (Parte 2) 12 de abril de 2019. Edif\u00edcio da Penteada, Universidade da Madeira (UC de Projeto &#8211; mestrados).. Edif\u00edcio da Penteada, Universidade da Madeira (UC de Projeto &#8211; mestrado)<\/p>\n","protected":false},"excerpt":{"rendered":"<p>Equipa &#8211; Helena Rebelo (Doutora da Universidade da Madeira). Corpus e c\u00f3digos\u00a0 Pontos de recolha Os pontos de recolha indicam-se nos mapas de cada uma das ilhas, onde se assinalam a branco os informantes j\u00e1 analisados e enviados para a Base de Dados AMPER e a preto os j\u00e1 gravados mas n\u00e3o analisados. \u00a0\u00a0 \u00a0 <a class=\"read-more\" href=\"https:\/\/www.varialing.eu\/?page_id=1978\">Read More<\/a><\/p>\n","protected":false},"author":2,"featured_media":0,"parent":266,"menu_order":0,"comment_status":"closed","ping_status":"closed","template":"template-full-width.php","meta":{"footnotes":""},"class_list":["post-1978","page","type-page","status-publish","hentry"],"_links":{"self":[{"href":"https:\/\/www.varialing.eu\/index.php?rest_route=\/wp\/v2\/pages\/1978","targetHints":{"allow":["GET"]}}],"collection":[{"href":"https:\/\/www.varialing.eu\/index.php?rest_route=\/wp\/v2\/pages"}],"about":[{"href":"https:\/\/www.varialing.eu\/index.php?rest_route=\/wp\/v2\/types\/page"}],"author":[{"embeddable":true,"href":"https:\/\/www.varialing.eu\/index.php?rest_route=\/wp\/v2\/users\/2"}],"replies":[{"embeddable":true,"href":"https:\/\/www.varialing.eu\/index.php?rest_route=%2Fwp%2Fv2%2Fcomments&post=1978"}],"version-history":[{"count":27,"href":"https:\/\/www.varialing.eu\/index.php?rest_route=\/wp\/v2\/pages\/1978\/revisions"}],"predecessor-version":[{"id":6551,"href":"https:\/\/www.varialing.eu\/index.php?rest_route=\/wp\/v2\/pages\/1978\/revisions\/6551"}],"up":[{"embeddable":true,"href":"https:\/\/www.varialing.eu\/index.php?rest_route=\/wp\/v2\/pages\/266"}],"wp:attachment":[{"href":"https:\/\/www.varialing.eu\/index.php?rest_route=%2Fwp%2Fv2%2Fmedia&parent=1978"}],"curies":[{"name":"wp","href":"https:\/\/api.w.org\/{rel}","templated":true}]}}