{"id":1972,"date":"2017-03-30T14:29:14","date_gmt":"2017-03-30T14:29:14","guid":{"rendered":"http:\/\/varialing.web.ua.pt\/?page_id=1972"},"modified":"2025-07-15T15:33:48","modified_gmt":"2025-07-15T15:33:48","slug":"acores","status":"publish","type":"page","link":"https:\/\/www.varialing.eu\/?page_id=1972","title":{"rendered":"A\u00e7ores"},"content":{"rendered":"\n<figure class=\"wp-block-image size-full\"><img loading=\"lazy\" decoding=\"async\" width=\"600\" height=\"201\" src=\"https:\/\/www.varialing.eu\/wp-content\/uploads\/2025\/07\/image.png\" alt=\"\" class=\"wp-image-6581\" srcset=\"https:\/\/www.varialing.eu\/wp-content\/uploads\/2025\/07\/image.png 600w, https:\/\/www.varialing.eu\/wp-content\/uploads\/2025\/07\/image-300x101.png 300w\" sizes=\"auto, (max-width: 600px) 100vw, 600px\" \/><\/figure>\n\n\n\n<p>Os pontos a preto est\u00e3o analisados. Os pontos  brancos est\u00e3o gravados e a an\u00e1lise est\u00e1 em curso.<\/p>\n\n\n\n<p>Bibliografia: <strong>\u2013\u00a0<\/strong>Ver \u00a0<a href=\"https:\/\/www.varialing.eu\/?page_id=1432\">https:\/\/www.varialing.eu\/?page_id=1432<\/a><\/p>\n","protected":false},"excerpt":{"rendered":"<p>Os pontos a preto est\u00e3o analisados. Os pontos brancos est\u00e3o gravados e a an\u00e1lise est\u00e1 em curso. Bibliografia: \u2013\u00a0Ver \u00a0https:\/\/www.varialing.eu\/?page_id=1432<\/p>\n","protected":false},"author":2,"featured_media":0,"parent":266,"menu_order":0,"comment_status":"closed","ping_status":"closed","template":"template-full-width.php","meta":{"footnotes":""},"class_list":["post-1972","page","type-page","status-publish","hentry"],"_links":{"self":[{"href":"https:\/\/www.varialing.eu\/index.php?rest_route=\/wp\/v2\/pages\/1972","targetHints":{"allow":["GET"]}}],"collection":[{"href":"https:\/\/www.varialing.eu\/index.php?rest_route=\/wp\/v2\/pages"}],"about":[{"href":"https:\/\/www.varialing.eu\/index.php?rest_route=\/wp\/v2\/types\/page"}],"author":[{"embeddable":true,"href":"https:\/\/www.varialing.eu\/index.php?rest_route=\/wp\/v2\/users\/2"}],"replies":[{"embeddable":true,"href":"https:\/\/www.varialing.eu\/index.php?rest_route=%2Fwp%2Fv2%2Fcomments&post=1972"}],"version-history":[{"count":38,"href":"https:\/\/www.varialing.eu\/index.php?rest_route=\/wp\/v2\/pages\/1972\/revisions"}],"predecessor-version":[{"id":6585,"href":"https:\/\/www.varialing.eu\/index.php?rest_route=\/wp\/v2\/pages\/1972\/revisions\/6585"}],"up":[{"embeddable":true,"href":"https:\/\/www.varialing.eu\/index.php?rest_route=\/wp\/v2\/pages\/266"}],"wp:attachment":[{"href":"https:\/\/www.varialing.eu\/index.php?rest_route=%2Fwp%2Fv2%2Fmedia&parent=1972"}],"curies":[{"name":"wp","href":"https:\/\/api.w.org\/{rel}","templated":true}]}}