{"id":1438,"date":"2017-03-29T10:09:58","date_gmt":"2017-03-29T10:09:58","guid":{"rendered":"http:\/\/varialing.web.ua.pt\/?page_id=1438"},"modified":"2017-11-19T20:21:41","modified_gmt":"2017-11-19T20:21:41","slug":"nasais","status":"publish","type":"page","link":"https:\/\/www.varialing.eu\/?page_id=1438","title":{"rendered":"Nasais"},"content":{"rendered":"<h5><strong>Por ordem inversa de publica\u00e7\u00e3o<\/strong><\/h5>\n<p>(estes artigos foram publicados no \u00e2mbito do projeto\u00a0<em>Fon\u00e9tica Aplicada ao Processamento da Fala: As Nasais do Portugu\u00eas<\/em>\u00a0j\u00e1 conclu\u00eddo)<\/p>\n<p><strong>2005<\/strong><\/p>\n<p>FERREIRA, L.; COIMBRA, R. L.; MOUTINHO, L. C.; TEIXEIRA, A. \u2013 \u201c<a href=\"https:\/\/drive.google.com\/open?id=1tbjzV_B_QvLfeHztZfatoFIvJAs6Ghzo\">Contributos para a caracteriza\u00e7\u00e3o das vogais nasais do Portugu\u00eas<\/a>\u201d, in: DUARTE, In\u00eas; LEIRIA, Isabel (org.), Actas do XX Encontro da Associa\u00e7\u00e3o Portuguesa de Lingu\u00edstica, Lisboa: APL\/Colibri, 2005, pp. 563-571.<\/p>\n<p>OLIVEIRA, C.; A. TEIXEIRA &amp; L. C. MOUTINHO &#8211; &#8220;<a href=\"https:\/\/drive.google.com\/open?id=1IseDspFtamEE4mdHcpEIvMP3VDLGR2Id\">On European Portuguese Automatic Syllabification<\/a>&#8220;, Interspeech, 9th European Conference on Speech Communication and Technology, Lisboa, 2005, pp. 2933-2936.<\/p>\n<p><strong>2004<\/strong><\/p>\n<p>TEIXEIRA, A.; VAZ, F.; MOUTINHO, L. C.; COIMBRA, R. L.; LISBOA, R. C. &#8211; \u201c<a href=\"https:\/\/drive.google.com\/open?id=1hNldS0uWuK5gr5hBlEp7GzZAbxHMA6Jq\">Para a melhoria da s\u00edntese articulat\u00f3ria das vogais nasais do Portugu\u00eas Europeu: Estudo da dura\u00e7\u00e3o e de caracter\u00edsticas relacionadas com a fonte glotal<\/a>\u201d, Revista de Estudos da Linguagem (Revista da Faculdade de Letras da Universidade Federal de Minas Gerais), Vol. 12, N.\u00ba 2, Jul.\/Dez. 2004, pp. 65-92.<\/p>\n<p><strong>2003<\/strong><\/p>\n<p>MOUTINHO, L. C.; TEIXEIRA, A. &#8211; \u201c<strong><em>R<\/em>elat\u00f3rio Anual <\/strong>\u2013 Primeiro Ano\u201d Relat\u00f3rio FAPL 2\/2002, Projecto Phonetics Applied to Speech Processing: The Portuguese Nasals, PCTI P\/PLP\/36427\/99). CLC\/IEETA, Universidade de Aveiro: 2002.<\/p>\n<p>MOUTINHO, L. C.; TEIXEIRA, A.; COIMBRA, R. L. &#8211; \u201c<strong>Relat\u00f3rio Anual<\/strong> \u2013 Segundo Ano\u201d, Relat\u00f3rio FAPL 4\/2003, Projecto Phonetics Applied to Speech Processing: The Portuguese Nasals, PCTI P\/PLP\/36427\/99). CLC\/IEETA, Universidade de Aveiro: 2003.<\/p>\n<p>TEIXEIRA, A.; FERREIRA, L., COIMBRA, R. L.; MOUTINHO, L. C. &#8211; \u201cEstudo da Posi\u00e7\u00e3o da L\u00edngua no In\u00edcio das Vogais Nasais de Seis Regi\u00f5es de Portugal pela An\u00e1lise das Duas Primeiras Formantes\u201d, <strong>Relat\u00f3rio T\u00e9cnico<\/strong> n\u00ba FAPL 3\/2003, Projecto Phonetics Applied to Speech Processing: The Portuguese Nasals, PCTI P\/PLP\/36427\/99). CLC\/IEETA, Universidade de Aveiro: 2003.<\/p>\n<p>TEIXEIRA, A.; FERREIRA, L.; LISBOA, R.; COIMBRA, R. L.; MOUTINHO, L. C. &#8211; Novo Corpus Ac\u00fastico para Estudo das Vogais Nasais do Portugu\u00eas Europeu Contemplando Variedades Regionais e Contextuais (<strong>Relat\u00f3rio T\u00e9cnico<\/strong> n\u00ba FAPL 1\/2003, Projecto Phonetics Applied to Speech Processing: The Portuguese Nasals, PCTI P\/PLP\/36427\/99). CLC\/IEETA, Universidade de Aveiro: Set. 2003.<\/p>\n<p>TEIXEIRA, A.; L. C. MOUTINHO &amp; R. L. COIMBRA &#8211; \u201c<a href=\"https:\/\/link.springer.com\/chapter\/10.1007\/3-540-45011-4_10\">Experimental Phonetics Contributions to the Portuguese Articulatory Synthesizer Development<\/a>\u201d, in: MAMEDE, Nuno J; Jorge Baptista; Isabel Trancoso &amp; Maria das Gra\u00e7as Volpe Nunes (coord.), Computational Processing of the Portuguese Language (Proceedings of the 6th International Workshop PROPOR 2003), vol. 1.2721 da s\u00e9rie Lecture Notes in Colecci\u00f3n Estudios de Lengua y Literatura. Valladolid, 2003. (libro, 367 p\u00e1gs.). ISBN: 84-9718-189-1.Computer Science, Berlin-Heidelberg-New York: Springer-Verlag (ISBN 3-540-40436-8), 2003, pp. 66-69. Artigo referenciado no ISI Web of Knowledge (IDS Number: BX50C)<\/p>\n<p>TEIXEIRA, A.; L. C. MOUTINHO &amp; R. L. COIMBRA &#8211; \u201cProduction, Acoustic and P<a href=\"https:\/\/www.researchgate.net\/publication\/208034197_Production_acoustic_and_perceptual_studies_on_European_Portuguese_nasal_vowels_height\">erceptual Studies on European Portuguese Vowels Height<\/a>\u201d, Proceedings of the 15th International Congress of Phonetic Sciences, Barcelona 3-9 August 2003, CD-Rom (ISBN: 1-876346-48-5), pp. 3033-3036.<\/p>\n<p><strong>2002<\/strong><\/p>\n<p>MOUTINHO, L. C.; R. L. COIMBRA, R. C. LISBOA, A. TEIXEIRA &amp; F. VAZ &#8211; <a href=\"https:\/\/drive.google.com\/open?id=1VpSwzl_nSuKnWeDkK2kXrKrJU4IPq_ji\">\u201cContributo para o estudo da varia\u00e7\u00e3o contextual e regional das vogais nasais do Portugu\u00eas Europeu\u201d<\/a>, Encontro Comemorativo dos 25 anos do Centro de Lingu\u00edstica da Universidade do Porto, Vol. II (ISBN: 972-9350-71-x), Porto: CLUP, 2002, pp. 5-17.<\/p>\n<p>TEIXEIRA, A., R. L. COIMBRA, L. MOUTINHO, R. L. COIMBRA &amp; F. VAZ &#8211; \u201c<a href=\"https:\/\/drive.google.com\/open?id=1Jp-d8lHl5oDgXsFNnbBI9llLXD3yCZhb\">Novos corpora para o estudo das vogais nasais do Portugu\u00eas Europeu<\/a>\u201d, Actas do XVII Encontro Nacional da Associa\u00e7\u00e3o Portuguesa de Lingu\u00edstica, Lisboa: Colibri, 2002, pp. 557-560.<\/p>\n<p><strong>2001<\/strong><\/p>\n<p>TEIXEIRA, A., F. VAZ, L. MOUTINHO &amp; R. L. COIMBRA &#8211; \u201c<a href=\"https:\/\/drive.google.com\/open?id=1ksOHIYyiN5Ma5Kv_aiUShHiuQpIzr-1j\">Acerca das Vogais Nasais do Portugu\u00eas Europeu<\/a>\u201d, Revista da Universidade de Aveiro &#8211; Letras, N\u00ba 18, 2001, pp. 241-274.<\/p>\n","protected":false},"excerpt":{"rendered":"<p>Por ordem inversa de publica\u00e7\u00e3o (estes artigos foram publicados no \u00e2mbito do projeto\u00a0Fon\u00e9tica Aplicada ao Processamento da Fala: As Nasais do Portugu\u00eas\u00a0j\u00e1 conclu\u00eddo) 2005 FERREIRA, L.; COIMBRA, R. L.; MOUTINHO, L. C.; TEIXEIRA, A. \u2013 \u201cContributos para a caracteriza\u00e7\u00e3o das vogais nasais do Portugu\u00eas\u201d, in: DUARTE, In\u00eas; LEIRIA, Isabel (org.), Actas do XX Encontro da <a class=\"read-more\" href=\"https:\/\/www.varialing.eu\/?page_id=1438\">Read More<\/a><\/p>\n","protected":false},"author":2,"featured_media":0,"parent":1417,"menu_order":0,"comment_status":"closed","ping_status":"closed","template":"template-full-width.php","meta":{"footnotes":""},"class_list":["post-1438","page","type-page","status-publish","hentry"],"_links":{"self":[{"href":"https:\/\/www.varialing.eu\/index.php?rest_route=\/wp\/v2\/pages\/1438","targetHints":{"allow":["GET"]}}],"collection":[{"href":"https:\/\/www.varialing.eu\/index.php?rest_route=\/wp\/v2\/pages"}],"about":[{"href":"https:\/\/www.varialing.eu\/index.php?rest_route=\/wp\/v2\/types\/page"}],"author":[{"embeddable":true,"href":"https:\/\/www.varialing.eu\/index.php?rest_route=\/wp\/v2\/users\/2"}],"replies":[{"embeddable":true,"href":"https:\/\/www.varialing.eu\/index.php?rest_route=%2Fwp%2Fv2%2Fcomments&post=1438"}],"version-history":[{"count":14,"href":"https:\/\/www.varialing.eu\/index.php?rest_route=\/wp\/v2\/pages\/1438\/revisions"}],"predecessor-version":[{"id":3801,"href":"https:\/\/www.varialing.eu\/index.php?rest_route=\/wp\/v2\/pages\/1438\/revisions\/3801"}],"up":[{"embeddable":true,"href":"https:\/\/www.varialing.eu\/index.php?rest_route=\/wp\/v2\/pages\/1417"}],"wp:attachment":[{"href":"https:\/\/www.varialing.eu\/index.php?rest_route=%2Fwp%2Fv2%2Fmedia&parent=1438"}],"curies":[{"name":"wp","href":"https:\/\/api.w.org\/{rel}","templated":true}]}}