{"id":1040,"date":"2017-03-16T15:24:18","date_gmt":"2017-03-16T15:24:18","guid":{"rendered":"http:\/\/varialing.web.ua.pt\/?page_id=1040"},"modified":"2018-10-25T10:47:23","modified_gmt":"2018-10-25T10:47:23","slug":"rio-de-janeiro","status":"publish","type":"page","link":"https:\/\/www.varialing.eu\/?page_id=1040","title":{"rendered":"Rio de Janeiro"},"content":{"rendered":"<h5><strong>Equipa<\/strong><\/h5>\n<p>&#8211; Leticia Rebollo Couto (respons\u00e1vel de equipa; Doutora da Universidade Federal do Rio de Janeiro, UFRJ) &#8211; colabora\u00e7\u00e3o conclu\u00edda em 2016.<\/p>\n<h5><strong>Pontos de recolha<\/strong><\/h5>\n<p style=\"text-align: center;\"><img loading=\"lazy\" decoding=\"async\" class=\"size-medium wp-image-4204 aligncenter\" src=\"http:\/\/www.varialing.eu\/wp-content\/uploads\/2018\/10\/rio_mod-300x230.png\" alt=\"\" width=\"300\" height=\"230\" srcset=\"https:\/\/www.varialing.eu\/wp-content\/uploads\/2018\/10\/rio_mod-300x230.png 300w, https:\/\/www.varialing.eu\/wp-content\/uploads\/2018\/10\/rio_mod.png 397w\" sizes=\"auto, (max-width: 300px) 100vw, 300px\" \/><\/p>\n<h5 style=\"text-align: left;\"><strong>Publica\u00e7\u00f5es<\/strong><\/h5>\n<p>SEARA, Izabel Christine &amp; COUTO, Let\u00edcia Rebollo. \u201cEntoa\u00e7\u00e3o de frases declarativas e interrogativas totais no falar fluminense e catarinense\u201d. In XVI Congreso Internacional de la Asociaci\u00f3n de Lingu\u00edstica y Filolog\u00eda de la Am\u00e9rica Latina (ALFAL), Alcal\u00e1 de Henares (Espanha), 2011, vol. 1, pp. 01-07.<\/p>\n<h5><strong>Trabalhos acad\u00e9micos\u00a0<\/strong><\/h5>\n<p>Paloma Lira Brand\u00e3o, Barbara Tatiana Guedes Kaercher (2008). Amper-por &#8211; Atlas multim\u00e9dia pros\u00f3dico do espa\u00e7o rom\u00e2nico &#8211; l\u00edngua portuguesa. 2008. Inicia\u00e7\u00e3o Cient\u00edfica. (Graduando em Letras: Portug\u00eas-Espanhol) &#8211; Faculdade de Letras-UFRJ. Orientadora: Prof.\u00aa Leticia Rebollo Couto (conclu\u00eddo).<\/p>\n<h5><strong>Outras atividades (ordem alfab\u00e9tica)<\/strong><\/h5>\n<p>Comunica\u00e7\u00e3o oral intitulada &#8220;Projeto Amper: as pesquisas brasileiras&#8221; . Apresenta\u00e7\u00e3o feita por Jussara ABRA\u00c7ADO aobIV semin\u00e1rio integrado de pesquisas em lingu\u00edstica (IV Simpel), Universidade Federal de Santa Catarina, Florian\u00f3polis, 25 a 27\/05\/2010.<\/p>\n<p>Participa\u00e7\u00e3o no workshop AMPER-POR dirigido a todas as equipas brasileiras pertencentes ao projecto AMPER-POR, realizado na Universidade Federal Fluminense, 21 de Dezembro de 2008, dinamizado por Lurdes C. MOUTINHO, Universidade de Aveiro \u2013 Portugal &#8211; coordenadora AMPER-POR).<\/p>\n<p>PINTO, Maristela da Silva, Diana Pereira GUIMAR\u00c3ES, Carolina FERNANDES, Aline GABRIEL (2015). \u201cPros\u00f3dia dos enunciados interrogativos e assertivos nas variantes do Rio de Janeiro\u201d. Poster apresentado ao Col\u00f3quio Internacional de Geopros\u00f3dia do Portugu\u00eas e do Galego, Universidade de Aveiro \u2013 Aveiro, Portugal, 17-19 de junho de 2015.<\/p>\n<p>REBOLLO, Leticia, Luma MIRANDA, Carolina GOMES (2015). \u201cPros\u00f3dia comparativa dos enunciados interrogativos e assertivos nas variantes do Rio de Janeiro Fortaleza e Salvador\u201d. Poster apresentado ao Col\u00f3quio Internacional de Geopros\u00f3dia do Portugu\u00eas e do Galego, Universidade de Aveiro \u2013 Aveiro, Portugal, 17-19 de junho de 2015.<\/p>\n","protected":false},"excerpt":{"rendered":"<p>Equipa &#8211; Leticia Rebollo Couto (respons\u00e1vel de equipa; Doutora da Universidade Federal do Rio de Janeiro, UFRJ) &#8211; colabora\u00e7\u00e3o conclu\u00edda em 2016. Pontos de recolha Publica\u00e7\u00f5es SEARA, Izabel Christine &amp; COUTO, Let\u00edcia Rebollo. \u201cEntoa\u00e7\u00e3o de frases declarativas e interrogativas totais no falar fluminense e catarinense\u201d. In XVI Congreso Internacional de la Asociaci\u00f3n de Lingu\u00edstica y <a class=\"read-more\" href=\"https:\/\/www.varialing.eu\/?page_id=1040\">Read More<\/a><\/p>\n","protected":false},"author":2,"featured_media":0,"parent":272,"menu_order":0,"comment_status":"closed","ping_status":"closed","template":"","meta":{"footnotes":""},"class_list":["post-1040","page","type-page","status-publish","hentry"],"_links":{"self":[{"href":"https:\/\/www.varialing.eu\/index.php?rest_route=\/wp\/v2\/pages\/1040","targetHints":{"allow":["GET"]}}],"collection":[{"href":"https:\/\/www.varialing.eu\/index.php?rest_route=\/wp\/v2\/pages"}],"about":[{"href":"https:\/\/www.varialing.eu\/index.php?rest_route=\/wp\/v2\/types\/page"}],"author":[{"embeddable":true,"href":"https:\/\/www.varialing.eu\/index.php?rest_route=\/wp\/v2\/users\/2"}],"replies":[{"embeddable":true,"href":"https:\/\/www.varialing.eu\/index.php?rest_route=%2Fwp%2Fv2%2Fcomments&post=1040"}],"version-history":[{"count":9,"href":"https:\/\/www.varialing.eu\/index.php?rest_route=\/wp\/v2\/pages\/1040\/revisions"}],"predecessor-version":[{"id":4205,"href":"https:\/\/www.varialing.eu\/index.php?rest_route=\/wp\/v2\/pages\/1040\/revisions\/4205"}],"up":[{"embeddable":true,"href":"https:\/\/www.varialing.eu\/index.php?rest_route=\/wp\/v2\/pages\/272"}],"wp:attachment":[{"href":"https:\/\/www.varialing.eu\/index.php?rest_route=%2Fwp%2Fv2%2Fmedia&parent=1040"}],"curies":[{"name":"wp","href":"https:\/\/api.w.org\/{rel}","templated":true}]}}

<h5><strong>Equipa</strong></h5>
<p>&#8211; Leticia Rebollo Couto (responsável de equipa; Doutora da Universidade Federal do Rio de Janeiro, UFRJ) &#8211; colaboração concluída em 2016.</p>
<h5><strong>Pontos de recolha</strong></h5>
<p style="text-align: center;"><img loading="lazy" decoding="async" class="size-medium wp-image-4204 aligncenter" src="http://www.varialing.eu/wp-content/uploads/2018/10/rio_mod-300x230.png" alt="" width="300" height="230" srcset="https://www.varialing.eu/wp-content/uploads/2018/10/rio_mod-300x230.png 300w, https://www.varialing.eu/wp-content/uploads/2018/10/rio_mod.png 397w" sizes="auto, (max-width: 300px) 100vw, 300px" /></p>
<h5 style="text-align: left;"><strong>Publicações</strong></h5>
<p>SEARA, Izabel Christine &amp; COUTO, Letícia Rebollo. “Entoação de frases declarativas e interrogativas totais no falar fluminense e catarinense”. In XVI Congreso Internacional de la Asociación de Linguística y Filología de la América Latina (ALFAL), Alcalá de Henares (Espanha), 2011, vol. 1, pp. 01-07.</p>
<h5><strong>Trabalhos académicos </strong></h5>
<p>Paloma Lira Brandão, Barbara Tatiana Guedes Kaercher (2008). Amper-por &#8211; Atlas multimédia prosódico do espaço românico &#8211; língua portuguesa. 2008. Iniciação Científica. (Graduando em Letras: Portugês-Espanhol) &#8211; Faculdade de Letras-UFRJ. Orientadora: Prof.ª Leticia Rebollo Couto (concluído).</p>
<h5><strong>Outras atividades (ordem alfabética)</strong></h5>
<p>Comunicação oral intitulada &#8220;Projeto Amper: as pesquisas brasileiras&#8221; . Apresentação feita por Jussara ABRAÇADO aobIV seminário integrado de pesquisas em linguística (IV Simpel), Universidade Federal de Santa Catarina, Florianópolis, 25 a 27/05/2010.</p>
<p>Participação no workshop AMPER-POR dirigido a todas as equipas brasileiras pertencentes ao projecto AMPER-POR, realizado na Universidade Federal Fluminense, 21 de Dezembro de 2008, dinamizado por Lurdes C. MOUTINHO, Universidade de Aveiro – Portugal &#8211; coordenadora AMPER-POR).</p>
<p>PINTO, Maristela da Silva, Diana Pereira GUIMARÃES, Carolina FERNANDES, Aline GABRIEL (2015). “Prosódia dos enunciados interrogativos e assertivos nas variantes do Rio de Janeiro”. Poster apresentado ao Colóquio Internacional de Geoprosódia do Português e do Galego, Universidade de Aveiro – Aveiro, Portugal, 17-19 de junho de 2015.</p>
<p>REBOLLO, Leticia, Luma MIRANDA, Carolina GOMES (2015). “Prosódia comparativa dos enunciados interrogativos e assertivos nas variantes do Rio de Janeiro Fortaleza e Salvador”. Poster apresentado ao Colóquio Internacional de Geoprosódia do Português e do Galego, Universidade de Aveiro – Aveiro, Portugal, 17-19 de junho de 2015.</p>

<p>Equipa &#8211; Leticia Rebollo Couto (responsável de equipa; Doutora da Universidade Federal do Rio de Janeiro, UFRJ) &#8211; colaboração concluída em 2016. Pontos de recolha Publicações SEARA, Izabel Christine &amp; COUTO, Letícia Rebollo. “Entoação de frases declarativas e interrogativas totais no falar fluminense e catarinense”. In XVI Congreso Internacional de la Asociación de Linguística y <a class="read-more" href="https://www.varialing.eu/?page_id=1040">Read More</a></p>
