{"id":1004,"date":"2017-03-16T15:04:10","date_gmt":"2017-03-16T15:04:10","guid":{"rendered":"http:\/\/varialing.web.ua.pt\/?page_id=1004"},"modified":"2017-03-29T16:28:12","modified_gmt":"2017-03-29T16:28:12","slug":"nordeste","status":"publish","type":"page","link":"https:\/\/www.varialing.eu\/?page_id=1004","title":{"rendered":"Nordeste"},"content":{"rendered":"<h5><strong>Equipa<\/strong><\/h5>\n<p>Nordeste e Bahia<\/p>\n<p>&#8211; Jo\u00e3o de Moraes (respons\u00e1vel de equipa; Doutor da Universidade Federal do Rio de Janeiro) &#8211; colabora\u00e7\u00e3o conclu\u00edda em 2016.<\/p>\n<h5><strong>Pontos de recolha<\/strong><\/h5>\n<p><img loading=\"lazy\" decoding=\"async\" class=\"size-medium wp-image-1013 aligncenter\" src=\"http:\/\/varialing.web.ua.pt\/wp-content\/uploads\/2017\/03\/NordEste-218x300.jpg\" alt=\"\" width=\"218\" height=\"300\" srcset=\"https:\/\/www.varialing.eu\/wp-content\/uploads\/2017\/03\/NordEste-218x300.jpg 218w, https:\/\/www.varialing.eu\/wp-content\/uploads\/2017\/03\/NordEste.jpg 291w\" sizes=\"auto, (max-width: 218px) 100vw, 218px\" \/><\/p>\n<h5><strong>Publica\u00e7\u00f5es (ordem alfab\u00e9tica)<\/strong><\/h5>\n<p>LIRA, Z. &amp; MORAES, J. &#8220;Falares nordestinos: contorno mel\u00f3dico e quest\u00e3o parcial&#8221;, publicado eletronicamente em Alc\u00e1zar, T. e P\u00e9rez, C. (eds.) Atas do XVI Congresso da ALFAL, Alcal\u00e1 de Henares, Espanha, 6 a 9 de junho de 2011. ISBN: 978-84-8138-923-4.<\/p>\n<p>MAIRANO, Paolo (org.). Intonations Romanes (DVD). In: G\u00e9olinguistique (ISSN 0761 9081), hors-s\u00e9rie n\u00b0 4, Centre de Dialectologie \/ GIPSA-lab, Grenoble: Ellug, Universit\u00e9 de Grenoble, 2011. Cap\u00edtulo: Salvador bd01.<\/p>\n<p>MORAES, J. A. De &amp; ABRA\u00c7ADO, Jussara- &#8220;A descri\u00e7\u00e3o pros\u00f3dica do Portugu\u00eas do Brasil no AMPER&#8221; In: LAI, Jean-Pierre (ed.), Project AMPER Atlas multim\u00e9dia prosodique de l\u2019Espace roman &#8211; G\u00e9olinguistique, Hors s\u00e9rie n.\u00ba 3, (ISBN 2-9516425-2-0), 2005, pp. 337-345.<\/p>\n<p>MORAES, J. A. De &amp; ABRA\u00c7ADO, Jussara. &#8220;O Projeto Atlas Multim\u00eddia Pros\u00f3dico do Espa\u00e7o Dialetal Rom\u00e2nico &#8211; AMPER &#8211; no Brasil&#8221;. In: CUNHA, Claudia de Souza (ORG.). Estudos Geo-Socioling\u00fc\u00edsticos. Rio de Janeiro: UFRJ, P\u00f3s-Gradua\u00e7\u00e3o em Letras Vern\u00e1culas,2006. ISBN:8587241-06-0<\/p>\n<h5><strong>Trabalhos acad\u00e9micos (ordem alfab\u00e9tica)<\/strong><\/h5>\n<p>LIRA, Zulina Souza de \u2013 \u201cA Entoa\u00e7\u00e3o Modal em Cinco Falares do Nordeste Brasileiro\u201d. Tese de Doutorado apresentada ao Programa de P\u00f3s-Gradua\u00e7\u00e3o em Lingu\u00edstica da Universidade Federal da Para\u00edba, sob a orienta\u00e7\u00e3o do Prof. Dermeval da Hora e coorienta\u00e7\u00e3o do Prof. Jo\u00e3o Ant\u00f4nio de Moraes. Jo\u00e3o Pessoa (2009).<\/p>\n<h5><strong>Outras atividades\u00a0 (ordem alfab\u00e9tica)<\/strong><\/h5>\n<p>LIRA, Z.S., HORA, D.O., MORAES, J.A. &#8211; Entoa\u00e7\u00e3o Regional: da Bahia ao Cear\u00e1, como canta o nordestino? no 18\u00ba Congresso Brasileiro de Fonoaudiologia realizado em Curitiba \/ Pr em setembro de 2010. Formato: Poster.\u00b4<\/p>\n<p>MORAES, Jo\u00e3o de &amp; Zulina LIRA &#8211; Participa\u00e7\u00e3o no workshop AMPER-POR dirigido a todas as equipas brasileiras pertencentes ao projecto AMPER-POR, realizado na Universidade Federal Fluminense, 21 de Dezembro de 2008, dinamizado por Lurdes C. MOUTINHO, Universidade de Aveiro \u2013 Portugal &#8211; coordenadora AMPER-POR).<\/p>\n<p>&nbsp;<\/p>\n<p>&nbsp;<\/p>\n","protected":false},"excerpt":{"rendered":"<p>Equipa Nordeste e Bahia &#8211; Jo\u00e3o de Moraes (respons\u00e1vel de equipa; Doutor da Universidade Federal do Rio de Janeiro) &#8211; colabora\u00e7\u00e3o conclu\u00edda em 2016. Pontos de recolha Publica\u00e7\u00f5es (ordem alfab\u00e9tica) LIRA, Z. &amp; MORAES, J. &#8220;Falares nordestinos: contorno mel\u00f3dico e quest\u00e3o parcial&#8221;, publicado eletronicamente em Alc\u00e1zar, T. e P\u00e9rez, C. (eds.) Atas do XVI Congresso <a class=\"read-more\" href=\"https:\/\/www.varialing.eu\/?page_id=1004\">Read More<\/a><\/p>\n","protected":false},"author":2,"featured_media":0,"parent":272,"menu_order":0,"comment_status":"closed","ping_status":"closed","template":"","meta":{"footnotes":""},"class_list":["post-1004","page","type-page","status-publish","hentry"],"_links":{"self":[{"href":"https:\/\/www.varialing.eu\/index.php?rest_route=\/wp\/v2\/pages\/1004","targetHints":{"allow":["GET"]}}],"collection":[{"href":"https:\/\/www.varialing.eu\/index.php?rest_route=\/wp\/v2\/pages"}],"about":[{"href":"https:\/\/www.varialing.eu\/index.php?rest_route=\/wp\/v2\/types\/page"}],"author":[{"embeddable":true,"href":"https:\/\/www.varialing.eu\/index.php?rest_route=\/wp\/v2\/users\/2"}],"replies":[{"embeddable":true,"href":"https:\/\/www.varialing.eu\/index.php?rest_route=%2Fwp%2Fv2%2Fcomments&post=1004"}],"version-history":[{"count":6,"href":"https:\/\/www.varialing.eu\/index.php?rest_route=\/wp\/v2\/pages\/1004\/revisions"}],"predecessor-version":[{"id":1708,"href":"https:\/\/www.varialing.eu\/index.php?rest_route=\/wp\/v2\/pages\/1004\/revisions\/1708"}],"up":[{"embeddable":true,"href":"https:\/\/www.varialing.eu\/index.php?rest_route=\/wp\/v2\/pages\/272"}],"wp:attachment":[{"href":"https:\/\/www.varialing.eu\/index.php?rest_route=%2Fwp%2Fv2%2Fmedia&parent=1004"}],"curies":[{"name":"wp","href":"https:\/\/api.w.org\/{rel}","templated":true}]}}

<h5><strong>Equipa</strong></h5>
<p>Nordeste e Bahia</p>
<p>&#8211; João de Moraes (responsável de equipa; Doutor da Universidade Federal do Rio de Janeiro) &#8211; colaboração concluída em 2016.</p>
<h5><strong>Pontos de recolha</strong></h5>
<p><img loading="lazy" decoding="async" class="size-medium wp-image-1013 aligncenter" src="http://varialing.web.ua.pt/wp-content/uploads/2017/03/NordEste-218x300.jpg" alt="" width="218" height="300" srcset="https://www.varialing.eu/wp-content/uploads/2017/03/NordEste-218x300.jpg 218w, https://www.varialing.eu/wp-content/uploads/2017/03/NordEste.jpg 291w" sizes="auto, (max-width: 218px) 100vw, 218px" /></p>
<h5><strong>Publicações (ordem alfabética)</strong></h5>
<p>LIRA, Z. &amp; MORAES, J. &#8220;Falares nordestinos: contorno melódico e questão parcial&#8221;, publicado eletronicamente em Alcázar, T. e Pérez, C. (eds.) Atas do XVI Congresso da ALFAL, Alcalá de Henares, Espanha, 6 a 9 de junho de 2011. ISBN: 978-84-8138-923-4.</p>
<p>MAIRANO, Paolo (org.). Intonations Romanes (DVD). In: Géolinguistique (ISSN 0761 9081), hors-série n° 4, Centre de Dialectologie / GIPSA-lab, Grenoble: Ellug, Université de Grenoble, 2011. Capítulo: Salvador bd01.</p>
<p>MORAES, J. A. De &amp; ABRAÇADO, Jussara- &#8220;A descrição prosódica do Português do Brasil no AMPER&#8221; In: LAI, Jean-Pierre (ed.), Project AMPER Atlas multimédia prosodique de l’Espace roman &#8211; Géolinguistique, Hors série n.º 3, (ISBN 2-9516425-2-0), 2005, pp. 337-345.</p>
<p>MORAES, J. A. De &amp; ABRAÇADO, Jussara. &#8220;O Projeto Atlas Multimídia Prosódico do Espaço Dialetal Românico &#8211; AMPER &#8211; no Brasil&#8221;. In: CUNHA, Claudia de Souza (ORG.). Estudos Geo-Sociolingüísticos. Rio de Janeiro: UFRJ, Pós-Graduação em Letras Vernáculas,2006. ISBN:8587241-06-0</p>
<h5><strong>Trabalhos académicos (ordem alfabética)</strong></h5>
<p>LIRA, Zulina Souza de – “A Entoação Modal em Cinco Falares do Nordeste Brasileiro”. Tese de Doutorado apresentada ao Programa de Pós-Graduação em Linguística da Universidade Federal da Paraíba, sob a orientação do Prof. Dermeval da Hora e coorientação do Prof. João Antônio de Moraes. João Pessoa (2009).</p>
<h5><strong>Outras atividades  (ordem alfabética)</strong></h5>
<p>LIRA, Z.S., HORA, D.O., MORAES, J.A. &#8211; Entoação Regional: da Bahia ao Ceará, como canta o nordestino? no 18º Congresso Brasileiro de Fonoaudiologia realizado em Curitiba / Pr em setembro de 2010. Formato: Poster.´</p>
<p>MORAES, João de &amp; Zulina LIRA &#8211; Participação no workshop AMPER-POR dirigido a todas as equipas brasileiras pertencentes ao projecto AMPER-POR, realizado na Universidade Federal Fluminense, 21 de Dezembro de 2008, dinamizado por Lurdes C. MOUTINHO, Universidade de Aveiro – Portugal &#8211; coordenadora AMPER-POR).</p>
<p>&nbsp;</p>
<p>&nbsp;</p>

<p>Equipa Nordeste e Bahia &#8211; João de Moraes (responsável de equipa; Doutor da Universidade Federal do Rio de Janeiro) &#8211; colaboração concluída em 2016. Pontos de recolha Publicações (ordem alfabética) LIRA, Z. &amp; MORAES, J. &#8220;Falares nordestinos: contorno melódico e questão parcial&#8221;, publicado eletronicamente em Alcázar, T. e Pérez, C. (eds.) Atas do XVI Congresso <a class="read-more" href="https://www.varialing.eu/?page_id=1004">Read More</a></p>
